pose -3*x + 1 = 25. Let n(w) = -24*w - 11. Let t be n(x). Suppose 5*i + 3*d = t + 226, 304 = 4*i - 3*d. Is i composite?
False
Let q(p) = p**3 - 4*p**2 + 3*p + 2. Let s be q(3). Suppose -s + 8 = -2*t. Let m = t - -22. Is m a composite number?
False
Let z = 51 - 46. Is (10/(z/1))/((-2)/(-353)) a prime number?
True
Let h(b) = -3*b - 10. Let x be h(-5). Suppose l - i - 393 = -5*i, -l - x*i + 394 = 0. Is l prime?
True
Suppose n + n = 4. Let q be 1*(-3 + n) - -88. Let t = 298 - q. Is t prime?
True
Let i(y) = 7088*y**2 - 7*y - 4. Is i(-1) prime?
False
Suppose 2*x - 7 = -1. Suppose 5*u = 3*u + p - x, 0 = 3*u - p + 3. Suppose 4*y - 278 - 194 = u. Is y composite?
True
Let y(l) = 16*l + 8. Let r = -14 - -18. Let k be y(r). Suppose k = 2*m + o, -2*m = 5*o - 55 - 9. Is m a prime number?
True
Let u = 34350 + -16231. Is u prime?
True
Suppose -3*y + 2905 - 583 = -a, 1548 = 2*y + 4*a. Suppose 0 = 2*z + 246 - y. Let x = z + -55. Is x composite?
True
Suppose 2*h - 24 = 6*h. Let x be h/12 + (-10)/(-4). Suppose -x*a = -5*m - a + 1263, 1269 = 5*m + 2*a. Is m a composite number?
True
Let n(d) = 37*d - 4. Let j(k) = 38*k - 5. Let a(y) = 5*j(y) - 6*n(y). Is a(-6) prime?
True
Let c be ((-12)/10)/(3/(-2580)). Let l = 481 + -111. Suppose -2*n = -c + l. Is n composite?
False
Suppose 9*n - 1 = 10*n. Let b be (n + -6)*12/14. Is (-4 + 2 - b) + -1 composite?
False
Is -6 + -3 - -1917 - -5 prime?
True
Let d(k) = k**3 - 2*k**2 - 2*k + 1228. Let v be d(0). Let p(h) = h**2 + h + 1. Let l be p(-4). Suppose -9*t - v = -l*t. Is t a composite number?
False
Suppose 5*g = -5, 2*g + 1032 = m - 7783. Is m a prime number?
False
Suppose 2*g - 5*v + 413 = 0, -4*g + 3*v = g + 1023. Let l be 2/(-6) - 1226/3. Let u = g - l. Is u a composite number?
True
Suppose -4*a + 9594 = -2*o - 21666, o - 7809 = -a. Is a a prime number?
False
Suppose -3*k = -14 + 23, -3*k - 124234 = -5*f. Is f prime?
False
Let m = 252 + -109. Suppose 4*v + m = 5*v. Is v composite?
True
Let h be 16 + -8 + -3 + 0. Let x = h + -4. Is 0 - (178 + x)/(-1) a composite number?
False
Let i be 1 - 1 - (-22 + 3). Let q = i - 15. Is 121 + 16/q + -2 a prime number?
False
Suppose l - 2*a = 10, -2*l - 4 = 10*a - 6*a. Suppose 0 = y - q - 1541, 7639 = l*y + q + 1495. Is y composite?
True
Suppose 0 = 3*q - 3 + 12. Is -223*q/(12/4) a prime number?
True
Let h = -115 + 124. Suppose -h*f = 1938 - 14349. Is f a prime number?
False
Suppose 11*l = -361 + 67890. Is l a prime number?
False
Suppose -3*n + 2384 = 5*d, 0 = -n - 10*d + 5*d + 778. Is n a composite number?
True
Is (-10)/(-160) - (-1840557)/48 prime?
False
Let q(b) = 59*b**2 + 17*b + 1. Let i be (-9)/(9/(-3)) - 7. Is q(i) composite?
False
Let s = -11 + 1. Let b be s/(4 + 664/(-164)). Let i = b + 34. Is i a composite number?
False
Let o be 2*(-2 - (-12)/8). Is (-2 - o)/(5/(-4445)) composite?
True
Let t = 1605 - 1012. Let k(n) = -n**2 + 5*n - 2. Let g be k(2). Suppose 219 = g*a - t. Is a a composite number?
True
Let t(k) = k**2 - k + 10753. Let z be t(0). Suppose -5*l = -z - 1032. Is l composite?
False
Let u = 7139 + -4901. Suppose -3*y - 2*c = -1673, 2*y - u = -2*y + c. Is y a prime number?
False
Let r(u) = -152*u + 37. Is r(-26) a composite number?
False
Suppose -r + 3*z - 1 = -0*r, 4*z - 14 = -5*r. Suppose y = r*i + 6*y - 4025, i = 5*y + 1990. Is i a prime number?
False
Suppose 17 = 3*q - 1. Suppose 0 = 6*j - 9*j + q. Suppose 24 = -j*o + 90. Is o a prime number?
False
Suppose -10*i = -9132 - 14098. Is i prime?
False
Let o = -59 - -67. Suppose -7*z - 703 = -o*z. Is z a prime number?
False
Is (3 + -1)*(-142303)/(-14) prime?
False
Suppose 0*s = -2*u - 5*s + 1347, 3*u - 2*s = 2011. Suppose -7*l = -u - 2822. Is l composite?
False
Let d be -1*6/9*-1557. Suppose -5*h - 223 + d = 0. Is h a composite number?
False
Let q(t) = 71*t**2 - 4*t - 51. Is q(10) prime?
False
Suppose 5*m - 3053 - 2737 = 0. Suppose -5*x - 2*i = -m, -3*i - 448 = 3*x - 5*x. Suppose 0*g = 2*g - x. Is g a composite number?
True
Let t(b) = 91*b**2 + 14*b + 75. Is t(14) prime?
False
Let q(c) = -11 - 8 + 8 - 10 - 33*c. Let i be q(-11). Let p = i - 131. Is p prime?
True
Suppose -15*f + z + 71613 = -11*f, -3*f - 2*z + 53707 = 0. Is f a composite number?
False
Let v(b) = 1747*b + 12. Is v(1) composite?
False
Suppose -2*w + 10 = 2*d, 0 = -4*w - 3*d + d + 22. Suppose 12*n = 6*n + 30. Suppose n*a + q - w = 0, -2*q + 5 - 3 = 5*a. Is a prime?
True
Suppose -3*n - 15 = 0, -n - 49 = -4*k - 0*n. Let l(p) = 2*p**3 - 2*p**2 + 4*p - 27. Is l(k) a prime number?
True
Let i = -13 + -7. Let k be 6/8 - 1545/i. Suppose -2*z + 4*z - k = 0. Is z composite?
True
Let a(p) = -12*p**3 - 2*p**2 + 1. Let s be a(-1). Let k(m) = m**3 - 12*m**2 + 10*m + 8. Let o be k(s). Is (0 - 17)*(-8 - o) a prime number?
False
Suppose -2*y + 19062 = 2*z - z, -47661 = -5*y - z. Is y a composite number?
False
Let n be (-42)/4*40/(-30). Suppose n*l - 9*l = 2345. Is l prime?
False
Suppose -3*q = 3*l - 135243, 3*q - 152059 = -5*l + 73348. Is l a prime number?
False
Suppose -2*z = q - 34597, 4*z = -4*q + 108999 + 29401. Is q prime?
True
Let z(h) = -4*h + 2. Let d(v) = 11*v - 9. Let b(n) = 2*d(n) + 7*z(n). Let y be (-7)/((3 - 2)*1). Is b(y) prime?
False
Let v = -70420 - -123006. Is v composite?
True
Let k = -208 - 292. Let h = -237 - k. Is h composite?
False
Let x(n) = 3*n**2 - 3*n - 12. Let a be x(4). Let o = 43 - a. Is o prime?
True
Let w be -12*(-1)/(-4)*-5. Is (1282/(-6))/((-5)/w) prime?
True
Let h(p) = -629*p**3 - 2*p**2 + p + 3. Suppose u - 2 = 5*j - 2*u, 4*j - 5*u = 1. Is h(j) a composite number?
True
Suppose -5*q = 5*z - 39085, -2*z + 13*q + 15641 = 8*q. Suppose 0*l + 11725 = 3*l + 2*h, 0 = 2*l + 2*h - z. Is l a composite number?
False
Let u(t) be the first derivative of 5*t**3/3 + 20*t**2 - 20*t + 10. Is u(-17) composite?
True
Let n = 14363 - 7126. Is n composite?
False
Let h = 16 + -1. Let a = h - 13. Suppose 2*c = v - 419, -a*c + 142 - 1415 = -3*v. Is v prime?
False
Let b(v) = 5*v**2 + 7*v - 1. Let d = -21 - -27. Is b(d) composite?
True
Let x(p) be the second derivative of 25*p**3/6 - 43*p**2/2 + 17*p. Is x(8) a prime number?
True
Let r = -5 + -9. Is (-13878)/r + 8/(-28) a prime number?
True
Let k = 497 + 1140. Is k prime?
True
Is (-83064)/(-36)*21/2 composite?
True
Let m(o) = -o**2 - 34*o - 26. Suppose -4*n + 2*n = -4*q + 66, -4*q + 141 = -5*n. Is m(n) a composite number?
False
Suppose 0 = 2*f + 5*y - 24, -3*f + 5 = y - 5. Suppose 0 = -2*j + 2*o + 288, f*j + 5*o = -0*o + 274. Is j prime?
False
Let t = -75 + 79. Suppose 6*i - t*i = 188. Is i prime?
False
Suppose 4*s + 4*u - 20 = 0, 2*s + 3*u = 4*u + 4. Is 3411/s + 4 + -6 composite?
True
Suppose 2*a = 4*b - 2*a - 1576, -5*b + 1966 = -4*a. Let r = b + 53. Is r prime?
True
Suppose -20 = -4*h + 8. Suppose -2*f + h*f = 4*g + 35, f - 2*g - 13 = 0. Suppose v - 1259 = -3*r, -6*r + f*r + 1263 = 3*v. Is r a composite number?
False
Let w(q) = 11*q + 30. Let y be w(-13). Suppose -2*p + 3*u = -36, -38 = -2*p - 3*u + 10. Let a = p - y. Is a a composite number?
True
Suppose -26081 - 24392 = -p. Is p a composite number?
True
Let p = 2297 + -1060. Is p composite?
False
Suppose 4*z - t = 45056, -2*z - 4*t - 33805 = -5*z. Is z a prime number?
False
Let b(q) = -62*q - 5. Let s be b(-11). Let o = s - 175. Is o composite?
True
Let q = -9 - -13. Suppose -q = -d + 1. Suppose -387 = -d*i - 132. Is i composite?
True
Suppose -2*b = -b - 2. Suppose 2*t = 63 - 63. Suppose b*u + 0*u - 42 = t. Is u composite?
True
Let j(d) = d**3 + 7*d**2 + 2. Suppose -g + 6*g + 35 = 0. Let y be j(g). Is (3/9)/(y/870) prime?
False
Let w(k) = k + 1. Let u be w(-1). Suppose 0 = i + z - 225, 2*i - 5*z - 188 = 248. Suppose -4*m = -3*o + 645, u*m - 4*m = -o + i. Is o a prime number?
True
Let j(c) = 137*c**2 - 3*c - 7. Suppose -x - b - 3*b + 12 = 0, 22 = 3*x + 5*b. Is j(x) prime?
False
Let m(x) = 9*x**2 + 42*x - 89. Is m(38) prime?
True
Let p(x) = 1388*x**2 + 13*x - 30. Is p(5) a prime number?
False
Let f be 5 + -5 - -2*1. Let o be f*(-1)/((-6)/15). Suppose j + o*k = 119, 2*j = j - 3*k + 109. Is j prime?
False
Suppose 25*t + 4*d - 6856 = 21*t, 3*t = -2*d + 5139. Is t composite?
True
Suppose 3*j - 9*x - 3349 = -7*x, 5581 = 5*j - 4*x. Is j a composite number?
False
Let x(m) = -m**3 + 2*m**2 + 4*m - 1. Let c be x(3). Suppose 3*h - c*q - 1755 = 2*h, 0 = 3*h - 2*q - 5269. Supp